t of o?
8
Let u(h) = 444*h**2 + 19*h - 2. What is the thousands digit of u(5)?
1
Let o = 9 + -6. Let n = o - -6. Let f(x) = 6*x + 20. What is the units digit of f(n)?
4
Let c be 390/(8/10 - 329/430). What is the tens digit of 4/(-6) + c/39?
8
Let k(x) = 6*x**3 + 3*x**2 - 3*x - 3. Let h be k(-3). Let w = 219 + h. What is the units digit of (6/(-2))/(-3) - (-2 - w)?
3
Suppose 3506 = 9*j + 266. Suppose -2*f + j = m, 4*f - 1460 = -4*m + f. What is the units digit of m?
8
Suppose -5*z - 6652 - 1639 = -3*b, -2*z - 3324 = -5*b. Let i = z - -2505. What is the hundreds digit of i?
8
Let z(t) = 631*t - 904. What is the thousands digit of z(4)?
1
Let g be (-318)/(-20) + 29/290. Suppose -9*y + g*y - 2982 = 0. What is the tens digit of y?
2
Let f(s) be the second derivative of s**4/6 + 11*s**3/6 + 4*s**2 + s - 12. What is the tens digit of f(-11)?
2
Suppose -f + 2*j + 241 = 0, -4*f - 4*j + 880 = -60. Suppose 2*v = 2*m - 156, m - 2*v - f = -2*m. Let x = m + -30. What is the units digit of x?
1
Suppose -21*w = -24*w + 4*z + 106223, -2*z - 4 = 0. What is the thousands digit of w?
5
Let x be 28 + (20/(-70) - (-38)/(-14)). Let t = -53 + x. Let r = t - -48. What is the units digit of r?
0
Let h be (50/30 - 1)/(4/11634). Let b = -1240 + h. What is the units digit of b?
9
Let j(f) = -9*f**2 + 11*f**2 - 6*f - 9*f + 3*f + 6. Let q be j(5). Let p(n) = -3*n**3 - 6*n**2 - 3*n + 4. What is the hundreds digit of p(q)?
1
Suppose 10*t - 14*t = 12*t. Let j(b) = -13*b + 568. What is the tens digit of j(t)?
6
Let w = 4 + 7. Suppose 0 = -8*x + w*x. Suppose x = -2*b + 28 - 10. What is the units digit of b?
9
Let l be (((-87250)/30)/5)/((-2)/6). Suppose 6*q + l - 4607 = 0. What is the units digit of q?
7
Let t(q) = q**2 + 13*q + 22. Let j be t(-11). Suppose y - 353 = -5*c, 0*y - y + 2*c + 353 = j. What is the units digit of y?
3
Suppose 298*l = 294*l - 4*v + 53056, -l - 5*v = -13260. What is the ten thousands digit of l?
1
Suppose 14*x - 13*x - 1815 = 0. Suppose 9*g + 555 = x. Let u = 218 - g. What is the tens digit of u?
7
Suppose -4*y + 3*b - 1 = 0, 0*y + 1 = y - b. Let q be y - -5 - (0 - -1) - 1. What is the tens digit of (-15)/(((-6)/(-18))/(0 + q))?
4
Let d = 37287 + -22667. What is the units digit of d?
0
Let q(b) be the second derivative of b**5/20 - 7*b**4/6 - 9*b**3/2 + 31*b**2/2 + 5*b + 3. What is the hundreds digit of q(17)?
4
Suppose 2*r - 3*f - 9446 = 0, -4*r + 5*f = 2*f - 18892. What is the thousands digit of r?
4
Let l(u) = -u**3 + 10*u**2 + u - 11. Let p(r) = 2*r + 55. Let t(o) = -o**2 - 2*o + 11. Let w be t(-7). Let v be p(w). What is the hundreds digit of l(v)?
1
Let r = -22 - -24. Let n be r*1*(-4 + 6). Suppose -3*s + 85 = n*q, 6 - 22 = -q + s. What is the tens digit of q?
1
Suppose 12*j + 3881 = -17*j + 30*j. What is the thousands digit of j?
3
What is the tens digit of 96354/(-303)*4/((-12)/127)?
6
Let u(i) = 2*i**3 + 4*i**2 - 3*i + 53315. What is the units digit of u(0)?
5
Suppose s + 32 = -133. Let h = -946 + 858. Let q = h - s. What is the tens digit of q?
7
Suppose -5*v = 2*h - 113286, -24536 - 66076 = -4*v + 4*h. What is the units digit of v?
6
Let v(c) = 360*c - 742. What is the hundreds digit of v(22)?
1
Suppose -7*p = -8161 - 12377. What is the thousands digit of p?
2
Let b(a) = -6*a + 3. Let q be b(1). Let m be 71 - (q + -1 + 1). Let j = 16 + m. What is the tens digit of j?
9
Let l = -56 + 59. Suppose l = -9*v + 57. Suppose v*f - 182 - 46 = 0. What is the tens digit of f?
3
Let l(y) = 204*y + 16. Let z(u) = u. Let v be z(6). Let k be l(v). Suppose -5*i + b + k = 0, 3*i + 2*b = -i + 978. What is the tens digit of i?
4
Let d = 42358 + -26051. What is the thousands digit of d?
6
Suppose -15*h = -11*h - 212. Suppose -3*l = h + 16. Let u(y) = -3*y + 31. What is the units digit of u(l)?
0
Let o(q) = q**2 + 18*q + 61. Let s be o(-14). What is the hundreds digit of 5 + (3 + 2 - s) + 375?
3
Let u(n) = n**3 + 15*n - 5. Let l be u(17). Suppose -14*c = -2089 - l. What is the hundreds digit of c?
5
What is the ten thousands digit of ((-63996)/(-14))/((-3)/(-21))?
3
Suppose -218152 = -18*n + 180116. What is the hundreds digit of n?
1
Let o(y) = 30*y + 240. Let k(q) = -12*q - 96. Let r(b) = 12*k(b) + 5*o(b). Let l be r(-6). Let i = 23 - l. What is the units digit of i?
1
Suppose -5046116 = -78*y - 77*y - 9*y. What is the tens digit of y?
6
Let b(r) = r**3 - 27*r**2 + 10*r - 17. Let n be b(27). Let v = n - -31. What is the tens digit of v?
8
Suppose 2*g = 3*p + 1 + 1, p + 4*g - 4 = 0. Let w(c) = c**3 + c**2 - c - 31. Let k be w(p). What is the units digit of k/(-2) - 5/(-10)?
6
What is the tens digit of (-128)/16*1/(-4) + -1 + 23617?
1
Let b = -11408 + 20612. What is the hundreds digit of b?
2
Let x = 186 - 98. Suppose -64 = -2*v + 6*v. Let l = v + x. What is the tens digit of l?
7
Let l(p) = -p**2 + 3*p + 9. Let y be l(4). Suppose -4*i - 96 = -2*u, 4*u = -y*i + 3*i + 222. Let w = u + -37. What is the units digit of w?
7
Suppose 5*j + 5*w - 141110 = 0, 13614 = 2*j - 5*w - 42823. What is the ten thousands digit of j?
2
Let q = 1074 + -326. Suppose 0 = -w + 5*w - q. What is the units digit of (2 - 0) + -2 + -1 + w?
6
Let j(s) = -20*s - 131. Let n be j(-7). Let v be 3/(-5) - 68848/(-80). Suppose q = -n*q + v. What is the tens digit of q?
8
Let z(n) = -3*n - 11. Let l be z(-5). Let i be (l/(-2))/((-3)/(-12)). Let k = -1 - i. What is the units digit of k?
7
Let t(p) = p**2 + 8*p + 9. Let n be t(-7). Suppose -2*c - 2*c - b = -96, n*b = 0. What is the tens digit of 61 + -2 + c/6?
6
Suppose 4*u - 31226 = -2*s - 0*s, u + 5*s = 7784. What is the hundreds digit of u?
8
Suppose -18344 = -4*i + 4*j, -2*i + 1876*j + 9142 = 1880*j. What is the thousands digit of i?
4
Let h(z) = z**2 + 10*z - 25. Let y = 363 + -381. What is the tens digit of h(y)?
1
Let f(x) = x + 3. Let t be f(5). Let k(n) = -n**3 + 7*n**2 + 10*n - 8. Let m be k(t). Let b(a) = a**2 + 3*a + 6. What is the tens digit of b(m)?
9
Let x = -8 - -15. Let l(z) = 523*z + 28. Let r be l(2). Suppose x*w - r = w. What is the hundreds digit of w?
1
Let c(k) = -6 + 10 - 8 + k. Let y be c(13). What is the hundreds digit of 141 - (-1)/(3 + (-24)/y)?
1
Suppose 0 = -5*u - 322 + 42. Let b = u + 54. What is the tens digit of (0 - b) + 1 + -1 - -19?
2
Let u = 23766 + -9590. What is the ten thousands digit of u?
1
Suppose -13730 - 13498 = -4*g. What is the hundreds digit of g?
8
Suppose 1 = 4*x - 27. Suppose -20 = -5*j, -4*f - x*j + 2*j = -28. Suppose 2*t + t = g + 68, f*t = g + 46. What is the units digit of t?
2
Let f(x) = -x**3 - x**2. Let v(w) = -3*w**3 - 11*w**2 + 12*w + 2. Let q(k) = 2*f(k) - v(k). Let h be (-2)/(-8) - 74/8. What is the units digit of q(h)?
6
Let g(c) = 16*c - 7. Let o(h) = -3*h - 15. Let j be o(-5). Suppose j*z = 5*z - 20. What is the units digit of g(z)?
7
Let g(z) = -9*z**3 + 2*z**2 - 3*z + 3. Let f be g(2). Let i = f - 100. Let r = i + 257. What is the units digit of r?
0
Let s be -7*(2 + 368/(-28)). What is the tens digit of s - 18/((-30)/5)?
8
Let o(f) = -64*f - 14. Let j(v) = 3*v - 1. Let y(i) = -j(i) + o(i). What is the tens digit of y(-13)?
5
Let r(c) = 282*c + 6439. What is the thousands digit of r(0)?
6
Let c(o) = o**3 - 7*o**2 - 18*o + 25. Suppose 5*p + 4*q - 64 = p, 0 = -3*p + 2*q + 38. What is the thousands digit of c(p)?
1
Let j = 25 - 18. Suppose -j*b + 18 = -b. Suppose 0 = 10*q - b*q - 315. What is the tens digit of q?
4
Suppose 2*u - 23949 = -0*u - 3*d, -2*u + 23984 = -4*d. What is the hundreds digit of ((-3)/198 - 4/(-22))*u?
9
Let z = 87713 - 56249. What is the units digit of z?
4
Suppose -5*u - 15 = 0, r + 4*u + 11357 - 33178 = 0. What is the hundreds digit of r?
8
Let i(l) = 216*l**2 - 184*l - 58. What is the tens digit of i(20)?
6
Suppose 15 = 2*g - 51. Let l = g + 4. Let d = -11 + l. What is the tens digit of d?
2
Let o = -76568 - -123799. What is the units digit of o?
1
Let i(k) = 16*k**3 + 11*k**2 + 94*k - 18. What is the units digit of i(10)?
2
Let c be (-2 - -2) + (-3)/(5 - 6). What is the hundreds digit of (10/c)/(12/2430)?
6
What is the ten thousands digit of (-416979 + -26)*(-1 + -1)/10?
8
Suppose 162*d - 662933 = 2133349. What is the tens digit of d?
6
Let u = 193 - 190. Suppose 5*x + 1405 = f, 9*f = 11*f - u*x - 2817. What is the tens digit of f?
1
Let n = -35 - 46. Suppose 